{"id":2,"date":"2010-11-29T20:01:08","date_gmt":"2010-11-29T20:01:08","guid":{"rendered":"http:\/\/lehayim.ch\/?page_id=2"},"modified":"2026-03-06T13:07:32","modified_gmt":"2026-03-06T12:07:32","slug":"a-propos","status":"publish","type":"page","link":"https:\/\/www.lehayim.ch\/","title":{"rendered":"Lehayim"},"content":{"rendered":"\n<div class=\"wp-block-cover\"><img loading=\"lazy\" decoding=\"async\" width=\"1536\" height=\"864\" class=\"wp-block-cover__image-background wp-image-6194\" alt=\"\" src=\"https:\/\/www.lehayim.ch\/wp-content\/uploads\/2026\/03\/cava-edited.png\" data-object-fit=\"cover\" srcset=\"https:\/\/www.lehayim.ch\/wp-content\/uploads\/2026\/03\/cava-edited.png 1536w, https:\/\/www.lehayim.ch\/wp-content\/uploads\/2026\/03\/cava-edited-300x169.png 300w, https:\/\/www.lehayim.ch\/wp-content\/uploads\/2026\/03\/cava-edited-1024x576.png 1024w, https:\/\/www.lehayim.ch\/wp-content\/uploads\/2026\/03\/cava-edited-768x432.png 768w\" sizes=\"auto, (max-width: 1536px) 100vw, 1536px\" \/><span aria-hidden=\"true\" class=\"wp-block-cover__background has-background-dim\"><\/span><div class=\"wp-block-cover__inner-container is-layout-flow wp-block-cover-is-layout-flow\">\n<p class=\"has-text-align-center has-large-font-size\"><mark style=\"background-color:rgba(0, 0, 0, 0);color:#ffffff\" class=\"has-inline-color\"><em>\u00ab\u00a0<strong>Casher. Authentique. Exceptionnel.<\/strong>\u00ab\u00a0<\/em><\/mark><\/p>\n\n\n\n<blockquote class=\"wp-block-quote is-layout-flow wp-block-quote-is-layout-flow\">\n<p><\/p>\n<\/blockquote>\n<\/div><\/div>\n\n\n\n<div class=\"wp-block-query is-layout-flow wp-block-query-is-layout-flow\"><ul class=\"columns-3 wp-block-post-template is-layout-grid wp-container-core-post-template-is-layout-6d3fbd8f wp-block-post-template-is-layout-grid\"><li class=\"wp-block-post post-5619 post type-post status-publish format-standard hentry category-israel category-la-cave category-yarden-winery tag-444 tag-galilee tag-israel-2 tag-rot tag-rouge tag-syrah tag-vin tag-wein tag-yarden\">\n\n<div class=\"wp-block-group is-layout-flow wp-block-group-is-layout-flow\" style=\"padding-top:30px;padding-right:30px;padding-bottom:30px;padding-left:30px\"><h2 class=\"wp-block-post-title\"><a href=\"https:\/\/www.lehayim.ch\/?p=5619\" target=\"_self\" >Yarden Syrah 2016<\/a><\/h2>\n\n<div class=\"wp-block-post-excerpt\"><p class=\"wp-block-post-excerpt__excerpt\">Galil\u00e9e (Isra\u00ebl), Alc 14.5% 35 CHF\/Bout. Caisses de 6. New! &nbsp; Yarden est une marque de Golan Heights Winery, une [&hellip;] <\/p><\/div>\n\n<div class=\"wp-block-post-date\"><time datetime=\"2019-11-26T14:34:28+01:00\">26\/11\/2019<\/time><\/div><\/div>\n\n<\/li><li class=\"wp-block-post post-5615 post type-post status-publish format-standard hentry category-israel category-la-cave category-yarden-winery tag-443 tag-cabernet tag-galilee tag-rot tag-rouge tag-vin tag-wein tag-yarden\">\n\n<div class=\"wp-block-group is-layout-flow wp-block-group-is-layout-flow\" style=\"padding-top:30px;padding-right:30px;padding-bottom:30px;padding-left:30px\"><h2 class=\"wp-block-post-title\"><a href=\"https:\/\/www.lehayim.ch\/?p=5615\" target=\"_self\" >Yarden Cabernet Sauvignon 2016, Galil\u00e9e<\/a><\/h2>\n\n<div class=\"wp-block-post-excerpt\"><p class=\"wp-block-post-excerpt__excerpt\">Galil\u00e9e (Isra\u00ebl), Alc 14.5% 35 CHF\/Bout. Caisses de 6. New! &nbsp; Yarden est une marque de Golan Heights Winery, une [&hellip;] <\/p><\/div>\n\n<div class=\"wp-block-post-date\"><time datetime=\"2019-11-26T14:21:06+01:00\">26\/11\/2019<\/time><\/div><\/div>\n\n<\/li><li class=\"wp-block-post post-5610 post type-post status-publish format-standard hentry category-israel category-la-cave category-yarden-winery tag-brut tag-champagne-2 tag-dessert-2 tag-galilee tag-israel-2 tag-rose tag-sparkling tag-yarde\">\n\n<div class=\"wp-block-group is-layout-flow wp-block-group-is-layout-flow\" style=\"padding-top:30px;padding-right:30px;padding-bottom:30px;padding-left:30px\"><h2 class=\"wp-block-post-title\"><a href=\"https:\/\/www.lehayim.ch\/?p=5610\" target=\"_self\" >Yarden Brut Ros\u00e9 2016<\/a><\/h2>\n\n<div class=\"wp-block-post-excerpt\"><p class=\"wp-block-post-excerpt__excerpt\">Galil\u00e9e (Isra\u00ebl), Alc 11.5% 39 CHF\/Bout. Caisses de 6. New! Yarden est une marque de Golan Heights Winery, une des [&hellip;] <\/p><\/div>\n\n<div class=\"wp-block-post-date\"><time datetime=\"2019-11-25T20:54:44+01:00\">25\/11\/2019<\/time><\/div><\/div>\n\n<\/li><li class=\"wp-block-post post-5210 post type-post status-publish format-standard hentry category-food-2\">\n\n<div class=\"wp-block-group is-layout-flow wp-block-group-is-layout-flow\" style=\"padding-top:30px;padding-right:30px;padding-bottom:30px;padding-left:30px\"><h2 class=\"wp-block-post-title\"><a href=\"https:\/\/www.lehayim.ch\/?p=5210\" target=\"_self\" >Cordon Rouge &#8211; Votre boucher \u00e0 domicile.<\/a><\/h2>\n\n<div class=\"wp-block-post-excerpt\"><p class=\"wp-block-post-excerpt__excerpt\">D\u00e9couvrez notre service de livraison&nbsp;de&nbsp;viande \u00e0 domicile! BOEUF, VEAU, AGNEAU, VOLAILLE, EPICERIE, FROMAGES, VINS, Etc. Production K Lepessah&nbsp;Glatt Tarifs imbattables! [&hellip;] <\/p><\/div>\n\n<div class=\"wp-block-post-date\"><time datetime=\"2018-03-06T23:50:13+01:00\">06\/03\/2018<\/time><\/div><\/div>\n\n<\/li><li class=\"wp-block-post post-5053 post type-post status-publish format-standard hentry category-accessoires\">\n\n<div class=\"wp-block-group is-layout-flow wp-block-group-is-layout-flow\" style=\"padding-top:30px;padding-right:30px;padding-bottom:30px;padding-left:30px\"><h2 class=\"wp-block-post-title\"><a href=\"https:\/\/www.lehayim.ch\/?p=5053\" target=\"_self\" >Coravin  &#8211; Syst\u00e8me de vin au verre<\/a><\/h2>\n\n<div class=\"wp-block-post-excerpt\"><p class=\"wp-block-post-excerpt__excerpt\">Le Coravin&#x2122; est un syt\u00e8me&nbsp; intuitif qui vous donne la libert\u00e9 de servir et de d\u00e9guster un verre de vin [&hellip;] <\/p><\/div>\n\n<div class=\"wp-block-post-date\"><time datetime=\"2017-11-02T15:36:29+01:00\">02\/11\/2017<\/time><\/div><\/div>\n\n<\/li><li class=\"wp-block-post post-5040 post type-post status-publish format-standard hentry category-coffrets-degustation-2\">\n\n<div class=\"wp-block-group is-layout-flow wp-block-group-is-layout-flow\" style=\"padding-top:30px;padding-right:30px;padding-bottom:30px;padding-left:30px\"><h2 class=\"wp-block-post-title\"><a href=\"https:\/\/www.lehayim.ch\/?p=5040\" target=\"_self\" >Coffret \u00ab\u00a0Grands Crus de Suisse\u00a0\u00bb<\/a><\/h2>\n\n<div class=\"wp-block-post-excerpt\"><p class=\"wp-block-post-excerpt__excerpt\">Assortiment de grands vins rouges &nbsp;&amp; blancs&nbsp;produits en Suisse. \u2013 Caisse de 6 Bouteilles : 252 CHF \u2013 Livraison comprise [&hellip;] <\/p><\/div>\n\n<div class=\"wp-block-post-date\"><time datetime=\"2017-11-02T14:26:03+01:00\">02\/11\/2017<\/time><\/div><\/div>\n\n<\/li><\/ul><\/div>\n","protected":false},"excerpt":{"rendered":"","protected":false},"author":1540,"featured_media":0,"parent":0,"menu_order":0,"comment_status":"closed","ping_status":"closed","template":"onecolumn-page.php","meta":{"site-sidebar-layout":"default","site-content-layout":"","ast-site-content-layout":"full-width-container","site-content-style":"boxed","site-sidebar-style":"default","ast-global-header-display":"","ast-banner-title-visibility":"","ast-main-header-display":"","ast-hfb-above-header-display":"","ast-hfb-below-header-display":"","ast-hfb-mobile-header-display":"","site-post-title":"","ast-breadcrumbs-content":"","ast-featured-img":"","footer-sml-layout":"","ast-disable-related-posts":"","theme-transparent-header-meta":"","adv-header-id-meta":"","stick-header-meta":"","header-above-stick-meta":"","header-main-stick-meta":"","header-below-stick-meta":"","astra-migrate-meta-layouts":"default","ast-page-background-enabled":"default","ast-page-background-meta":{"desktop":{"background-color":"var(--ast-global-color-5)","background-image":"","background-repeat":"repeat","background-position":"center center","background-size":"auto","background-attachment":"scroll","background-type":"","background-media":"","overlay-type":"","overlay-color":"","overlay-opacity":"","overlay-gradient":""},"tablet":{"background-color":"","background-image":"","background-repeat":"repeat","background-position":"center center","background-size":"auto","background-attachment":"scroll","background-type":"","background-media":"","overlay-type":"","overlay-color":"","overlay-opacity":"","overlay-gradient":""},"mobile":{"background-color":"","background-image":"","background-repeat":"repeat","background-position":"center center","background-size":"auto","background-attachment":"scroll","background-type":"","background-media":"","overlay-type":"","overlay-color":"","overlay-opacity":"","overlay-gradient":""}},"ast-content-background-meta":{"desktop":{"background-color":"var(--ast-global-color-4)","background-image":"","background-repeat":"repeat","background-position":"center center","background-size":"auto","background-attachment":"scroll","background-type":"","background-media":"","overlay-type":"","overlay-color":"","overlay-opacity":"","overlay-gradient":""},"tablet":{"background-color":"var(--ast-global-color-4)","background-image":"","background-repeat":"repeat","background-position":"center center","background-size":"auto","background-attachment":"scroll","background-type":"","background-media":"","overlay-type":"","overlay-color":"","overlay-opacity":"","overlay-gradient":""},"mobile":{"background-color":"var(--ast-global-color-4)","background-image":"","background-repeat":"repeat","background-position":"center center","background-size":"auto","background-attachment":"scroll","background-type":"","background-media":"","overlay-type":"","overlay-color":"","overlay-opacity":"","overlay-gradient":""}},"footnotes":""},"class_list":["post-2","page","type-page","status-publish","hentry"],"_links":{"self":[{"href":"https:\/\/www.lehayim.ch\/index.php?rest_route=\/wp\/v2\/pages\/2","targetHints":{"allow":["GET"]}}],"collection":[{"href":"https:\/\/www.lehayim.ch\/index.php?rest_route=\/wp\/v2\/pages"}],"about":[{"href":"https:\/\/www.lehayim.ch\/index.php?rest_route=\/wp\/v2\/types\/page"}],"author":[{"embeddable":true,"href":"https:\/\/www.lehayim.ch\/index.php?rest_route=\/wp\/v2\/users\/1540"}],"replies":[{"embeddable":true,"href":"https:\/\/www.lehayim.ch\/index.php?rest_route=%2Fwp%2Fv2%2Fcomments&post=2"}],"version-history":[{"count":39,"href":"https:\/\/www.lehayim.ch\/index.php?rest_route=\/wp\/v2\/pages\/2\/revisions"}],"predecessor-version":[{"id":6196,"href":"https:\/\/www.lehayim.ch\/index.php?rest_route=\/wp\/v2\/pages\/2\/revisions\/6196"}],"wp:attachment":[{"href":"https:\/\/www.lehayim.ch\/index.php?rest_route=%2Fwp%2Fv2%2Fmedia&parent=2"}],"curies":[{"name":"wp","href":"https:\/\/api.w.org\/{rel}","templated":true}]}}